u(-642).
-8
Let k(i) = -136*i**2 - 23*i + 26. Give k(1).
-133
Let h(r) = -2*r**2 - 5940*r + 186055. Calculate h(31).
-7
Let y(w) = -8*w**2 - 932*w + 527. What is y(-117)?
59
Let r(u) = -1619*u - 7739. Calculate r(-5).
356
Let l(c) = 2945*c - 20611. Determine l(7).
4
Let t(x) = -12496*x + 98969. Calculate t(8).
-999
Let i(j) = -j**2 - 1524*j - 45575. Calculate i(-30).
-755
Let s(h) = -13106*h + 5648552. Calculate s(431).
-134
Let g(r) = 17*r**2 - 220*r - 298. What is g(13)?
-285
Let q(y) = 33*y**2 + 129*y - 98. Calculate q(-5).
82
Let a(r) = 9552*r + 19088. What is a(-2)?
-16
Let a(g) = g**3 + 13*g**2 - 4031*g - 48513. Calculate a(-12).
3
Let m(x) = x**3 - 57*x**2 - 77*x + 224. Give m(58).
-878
Let n(g) = -9004*g - 234130. Calculate n(-26).
-26
Let x(o) = 13*o**3 + 15*o**2 - 30*o + 1. Determine x(3).
397
Let v(x) = -137*x - 12966. Determine v(-95).
49
Let q(f) = 28*f**2 + 6685*f - 1790. Give q(-239).
-117
Let m(x) = -4*x**2 - 307*x - 2878. Determine m(-10).
-208
Let x(p) = -5*p**2 - 56460*p - 789463. Determine x(-14).
-3
Let j(k) = -2040*k - 493508. Determine j(-242).
172
Let g(n) = -505*n + 51789. What is g(103)?
-226
Let v(u) = 16*u**2 - 2112*u + 34251. Calculate v(113).
-101
Let v(n) = 9*n**3 + 191*n**2 + 46*n + 61. What is v(-21)?
-23
Let j(w) = w**2 - 10950*w - 14. Give j(0).
-14
Let a(z) = 3742*z + 437833. What is a(-117)?
19
Let q(a) = 31*a**2 - 52*a - 87. Calculate q(8).
1481
Let l(c) = c**3 - 19*c**2 - 3*c + 1416. Calculate l(0).
1416
Let x(g) = -2*g**3 - 18*g**2 - 89*g - 187. What is x(-2)?
-65
Let h(n) = n**3 + 15*n**2 - 765*n - 10294. Give h(-13).
-11
Let z(u) = -4*u**2 + 216*u + 776. Give z(-4).
-152
Let v(b) = -480*b**2 + 1845*b - 16. Give v(4).
-316
Let o(k) = k**3 + 676*k**2 - 1495*k - 94238. Determine o(-678).
4
Let g(o) = -2196*o + 13032. What is g(6)?
-144
Let q(n) = -42*n - 340. Determine q(1).
-382
Let t(w) = -605*w - 13057. Determine t(-21).
-352
Let t(f) = -2*f**3 + 35*f**2 - 8*f + 890. What is t(19)?
-345
Let t(s) = 10*s**2 - 1669*s - 162. Calculate t(167).
5
Let b(x) = 130*x**2 + 5*x + 44. Calculate b(-7).
6379
Let j(r) = 27764*r - 277682. Give j(10).
-42
Let u(v) = -3*v**2 - 943*v - 73735. Determine u(-168).
17
Let o(d) = -17390*d - 313021. Calculate o(-18).
-1
Let n(p) = 2*p**2 + 5202*p + 871568. Determine n(-180).
8
Let o(x) = -22*x**3 - 204*x**2 - 1201*x - 10303. Give o(-9).
20
Let u(r) = -2*r**3 + 49*r**2 + 28*r - 96. Calculate u(25).
-21
Let f(z) = 9*z**3 - 25*z**2 - 16*z + 80. Determine f(3).
50
Let u(a) = a**3 + 50*a**2 - 1651*a + 178. Give u(-73).
-1866
Let v(r) = 121*r**2 - 1888*r + 4199. Give v(13).
104
Let w(p) = -p**3 - 198*p**2 - 1070*p - 20254. Determine w(-193).
11
Let y(x) = 2501*x + 345251. What is y(-138)?
113
Let o(v) = -116113*v - 1393545. Give o(-12).
-189
Let l(b) = -3063*b + 33763. What is l(11)?
70
Let i(f) = 56*f - 2839. Determine i(53).
129
Let t(h) = 10*h**3 - 1849*h**2 - 201*h - 369. What is t(185)?
-3329
Let i(l) = 15374*l + 2044741. Determine i(-133).
-1
Let r(f) = f**3 - 4*f**2 + 116*f - 1535. Give r(12).
1009
Let v(w) = -w**3 - 25*w**2 + 76*w + 562. Give v(-27).
-32
Let x(z) = 11*z**2 + 440*z + 5198. Give x(-12).
1502
Let t(k) = -k**3 + 207*k**2 + 1054*k + 699. Determine t(212).
-573
Let y(p) = -782*p + 6319. Calculate y(8).
63
Let f(q) = -213*q**2 - 10017*q - 187. Calculate f(-47).
95
Let c(k) = -16*k**2 - 2692*k - 417. Determine c(-170).
-5177
Let o(q) = -q**3 + 7*q**2 - 67*q + 49. Calculate o(5).
-236
Let n(r) = 588*r - 57579. What is n(98)?
45
Let y(l) = 13319*l - 372907. Determine y(28).
25
Let p(f) = 2068366*f + 12410167. What is p(-6)?
-29
Let k(v) = -8486*v + 984357. Give k(116).
-19
Let z(i) = -19*i**3 - 8302*i**2 + 522*i + 37215. Give z(-437).
70
Let h(l) = -3632*l + 65585. Calculate h(18).
209
Let w(x) = -2*x**3 - 98*x**2 + 178*x - 308. Give w(-51).
1018
Let p(y) = -1483*y + 35167. Give p(24).
-425
Let g(p) = -31157*p + 155857. Calculate g(5).
72
Let n(c) = 6040*c - 314290. Give n(52).
-210
Let x(r) = r**3 + 36*r**2 + 1650*r + 46377. Determine x(-31).
32
Let h(r) = r**2 - 8507*r - 42546. Calculate h(-5).
14
Let w(d) = d**2 - 39149*d + 234864. Determine w(6).
6
Let d(m) = -67*m**2 + 81*m - 240. Determine d(10).
-6130
Let j(c) = 16*c**2 + 242*c + 1469. Give j(-6).
593
Let a(v) = -v**3 + 63*v**2 + 2099*v - 891. What is a(87)?
66
Let h(a) = 882*a**2 + 4319*a + 3. Determine h(-5).
458
Let n(t) = -t**3 + 146*t**2 - 247*t - 5905. Calculate n(144).
-1
Let b(k) = 1456*k**3 + 249*k**2 - 249*k + 1. Calculate b(1).
1457
Let x(d) = d**3 - 26*d**2 + 77*d - 686. Give x(24).
10
Let m(i) = 641*i**3 + 1290*i**2 + 19*i + 8. What is m(-2)?
2
Let o(i) = i**3 + 214*i**2 + 377*i + 80670. Give o(-214).
-8
Let s(t) = -2323*t - 959425. Determine s(-413).
-26
Let h(q) = 634*q - 6652. Calculate h(8).
-1580
Let g(y) = 60*y - 1162. Determine g(11).
-502
Let q(m) = 3*m**3 + 35*m**2 + 89*m - 34. Calculate q(-3).
-67
Let k(j) = -6*j**3 + 164*j**2 - 427*j - 22. Determine k(23).
3911
Let z(j) = -j**3 - 63*j**2 - 695*j + 1054. Determine z(-50).
3304
Let h(k) = k**3 + 53*k**2 + 4332*k + 229633. Calculate h(-53).
37
Let w(j) = 5*j**3 - 159*j**2 + 47*j - 2455. Give w(32).
73
Let x(w) = -8*w**3 + 2*w**2 - 73*w + 408. Determine x(5).
-907
Let j(l) = 117*l**3 - 10*l**2 - 1965*l - 1955. Determine j(-1).
-117
Let l(j) = 182*j**2 - 293*j - 64. Calculate l(-2).
1250
Let b(u) = 4*u**2 - 170*u - 4308. Determine b(-22).
1368
Let o(i) = -4*i**3 - i**2 + 16037*i - 32064. Determine o(2).
-26
Let o(u) = -2*u**3 + 57*u**2 + 3423*u + 62. Calculate o(-30).
2672
Let h(z) = -8*z**2 + 766*z + 50658. Calculate h(-45).
-12
Let c(x) = -2463*x + 189630. What is c(77)?
-21
Let i(s) = 405*s + 223648. What is i(-552)?
88
Let q(f) = f**2 - 108*f - 28056. What is q(-121)?
-347
Let h(v) = 227*v - 6876. Give h(26).
-974
Let h(m) = -30*m**2 - 5789*m - 11227. Calculate h(-191).
42
Let a(n) = -6*n**2 - 318*n + 3593. Calculate a(10).
-187
Let r(h) = 2*h**2 - 34046*h + 917776. What is r(27)?
-8
Let u(b) = -b**3 + 94*b**2 - 72*b - 1963. Determine u(93).
-10
Let f(c) = -528274*c + 61279788. Determine f(116).
4
Let c(f) = 51633*f - 2994709. Calculate c(58).
5
Let x(u) = 4*u**2 - 2255*u - 76858. Calculate x(596).
26
Let f(g) = 153*g + 2039. Calculate f(-27).
-2092
Let a(v) = -2*v**2 + 3186*v + 22268. Determine a(-7).
-132
Let i(p) = -p**2 + 210*p - 9362. Give i(72).
574
Let y(q) = 23180*q - 4450559. Determine y(192).
1
Let p(s) = 2*s**3 - 46*s**2 + 362*s - 958. What is p(8)?
18
Let s(q) = 87*q**2 + 166*q + 84. Give s(-1).
5
Let b(q) = q**3 - 2*q**2 + 587*q - 1767. Give b(3).
3
Let x(f) = -7*f**3 - 69*f**2 + 727*f + 15. Calculate x(7).
-678
Let q(f) = 66*f**2 + 872*f + 42. Give q(-13).
-140
Let y(u) = 604475*u + 6044748. Calculate y(-10).
-2
Let s(r) = 1250*r - 10680. What is s(8)?
-680
Let c(w) = -18610*w - 260637. Give c(-14).
-97
Let n(u) = 379*u**3 - 6065*u**2 + 10*u + 103. Give n(16).
7
Let s(y) = y**3 - 7*y**2 - 2225*y - 8710. Give s(-4).
14
Let m(i) = 7*i**2 + 596*i - 1892. Calculate m(-90).
1168
Let b(a) = 4*a - 699. Give b(6).
-675
Let t(u) = -2*u**3 - 594*u**2 + 7445*u + 8942. Determine t(-309).
-19
Let v(a) = a**3 - 34*a**2 - 22*a + 2909. Calculate v(32).
157
Let y(b) = -4166*b - 4134. Give y(-1).
32
Let h(q) = -q**3 - 60*q**2 - 904*q - 199. Calculate h(-36).
1241
Let l(c) = 33130*c - 298178. Determine l(9).
-8
Let c(g) = -2251*g + 47277. Determine c(21).
6
Let s(c) = 22070*c - 2008356. Calculate s(91).
14
Let x(w) = -w**3 + 8*w**2 - 82*w + 76. Determine x(6).
-344
Let d(q) = -2*q**2 - 2829*q - 200910. Determine d(-75).
15
Let o(b) = -5442*b + 22146. What is o(4)?
378
Let t(c) = 59853*c + 2813060. Calculate t(-47).
-31
Let c(r) = 8*r**2 + 78*r + 47. What is c(-13)?
385
Let y(h) = 2*h**2 + 612*h + 40301. Determine y(-210).
-19
Let u(f) = -f**3 - 122*f**2 + 258*f + 1220. Give u(-124).
-20
Let z(b) = -158*b**2 + b + 15. Give z(3).
-1404
Let t(h) = -718*h**3 - 17233*h**2 - 31*h - 186. Give t(-24).
-18
Let x(a) = -a**3 - 881*a**2 + 6244*a + 21. What is x(7)?
217
Let a(m) = 17248*m - 4794962. Determine a(278).
-18
Let n(y) = 5364*y - 2649853. Calculate n(494).
-37
Let n(k) = -2*k**3 + 3*k**2 + 85*k - 308. Calculate n(6).
-122
Let o(v) = -2*v**3 - 13*v**2 - 128*v - 725. What is o(-6)?
7
Let k(q) = -4*q**3 + 286*q**2 - 179*q + 2551. Determine k(71